{"id":283,"date":"2021-07-29T23:51:20","date_gmt":"2021-07-29T21:51:20","guid":{"rendered":"https:\/\/www.vetbar.sk\/admin2021\/?page_id=283"},"modified":"2021-07-29T23:52:29","modified_gmt":"2021-07-29T21:52:29","slug":"oranzova-vyzdoba","status":"publish","type":"page","link":"https:\/\/www.vetbar.sk\/admin2021\/?page_id=283","title":{"rendered":"Orand\u017eov\u00e1 v\u00fdzdoba"},"content":{"rendered":"\n<div class=\"wp-block-envira-envira-gallery\"><div id=\"envira-gallery-wrap-290\" class=\"envira-gallery-wrap envira-gallery-theme-base envira-lightbox-theme-base\" itemscope itemtype=\"https:\/\/schema.org\/ImageGallery\"><div style=\"opacity: 0.0\"  data-row-height=\"150\" data-gallery-theme=\"normal\" id=\"envira-gallery-290\" class=\"envira-gallery-public envira-gallery-justified-public envira-gallery-0-columns envira-clear enviratope envira-gallery-css-animations\" data-envira-columns=\"0\"><div id=\"envira-gallery-item-284\" class=\"envira-gallery-item enviratope-item envira-gallery-item-1 envira-lazy-load\" style=\"padding-left: 1px; padding-bottom: 1px; padding-right: 1px;\"  itemscope itemtype=\"https:\/\/schema.org\/ImageObject\"><div class=\"envira-gallery-item-inner\"><div class=\"envira-gallery-position-overlay  envira-gallery-top-left\"><\/div><div class=\"envira-gallery-position-overlay  envira-gallery-top-right\"><\/div><div class=\"envira-gallery-position-overlay  envira-gallery-bottom-left\"><\/div><div class=\"envira-gallery-position-overlay  envira-gallery-bottom-right\"><\/div><a href=\"https:\/\/www.vetbar.sk\/admin2021\/wp-content\/uploads\/2021\/07\/orandzova-vyzdoba-narodeniny1.jpg\" class=\"envira-gallery-290 envira-gallery-link\" rel=\"enviragallery290\" title=\"orandzova-vyzdoba-narodeniny1\" data-envira-caption=\"orandzova-vyzdoba-narodeniny1\" data-envira-retina=\"\" data-thumbnail=\"\"  itemprop=\"contentUrl\"><img decoding=\"async\" id=\"envira-gallery-image-284\" class=\"envira-gallery-image envira-gallery-image-1 envira-normal envira-lazy\" data-envira-index=\"1\" src=\"https:\/\/www.vetbar.sk\/admin2021\/wp-content\/uploads\/2021\/07\/orandzova-vyzdoba-narodeniny1-640x480.jpg\" data-envira-src=\"https:\/\/www.vetbar.sk\/admin2021\/wp-content\/uploads\/2021\/07\/orandzova-vyzdoba-narodeniny1-640x480.jpg\" data-envira-gallery-id=\"290\" data-envira-item-id=\"284\" data-envira-caption=\"orandzova-vyzdoba-narodeniny1\" alt=\"\" title=\"orandzova-vyzdoba-narodeniny1\"  itemprop=\"thumbnailUrl\" data-envira-srcset=\"https:\/\/www.vetbar.sk\/admin2021\/wp-content\/uploads\/2021\/07\/orandzova-vyzdoba-narodeniny1-640x480.jpg 400w,https:\/\/www.vetbar.sk\/admin2021\/wp-content\/uploads\/2021\/07\/orandzova-vyzdoba-narodeniny1-640x480.jpg 2x\" data-envira-width=\"300\" data-envira-height=\"225\" srcset=\"data:image\/gif;base64,R0lGODlhAQABAIAAAP\/\/\/\/\/\/\/yH5BAEKAAEALAAAAAABAAEAAAICTAEAOw==\" data-safe-src=\"data:image\/gif;base64,R0lGODlhAQABAIAAAP\/\/\/\/\/\/\/yH5BAEKAAEALAAAAAABAAEAAAICTAEAOw==\" \/><\/a><\/div><\/div><div id=\"envira-gallery-item-285\" class=\"envira-gallery-item enviratope-item envira-gallery-item-2 envira-lazy-load\" style=\"padding-left: 1px; padding-bottom: 1px; padding-right: 1px;\"  itemscope itemtype=\"https:\/\/schema.org\/ImageObject\"><div class=\"envira-gallery-item-inner\"><div class=\"envira-gallery-position-overlay  envira-gallery-top-left\"><\/div><div class=\"envira-gallery-position-overlay  envira-gallery-top-right\"><\/div><div class=\"envira-gallery-position-overlay  envira-gallery-bottom-left\"><\/div><div class=\"envira-gallery-position-overlay  envira-gallery-bottom-right\"><\/div><a href=\"https:\/\/www.vetbar.sk\/admin2021\/wp-content\/uploads\/2021\/07\/orandzova-vyzdoba-narodeniny2.jpg\" class=\"envira-gallery-290 envira-gallery-link\" rel=\"enviragallery290\" title=\"orandzova-vyzdoba-narodeniny2\" data-envira-caption=\"orandzova-vyzdoba-narodeniny2\" data-envira-retina=\"\" data-thumbnail=\"\"  itemprop=\"contentUrl\"><img decoding=\"async\" id=\"envira-gallery-image-285\" class=\"envira-gallery-image envira-gallery-image-2 envira-normal envira-lazy\" data-envira-index=\"2\" src=\"https:\/\/www.vetbar.sk\/admin2021\/wp-content\/uploads\/2021\/07\/orandzova-vyzdoba-narodeniny2-768x1024-640x480.jpg\" data-envira-src=\"https:\/\/www.vetbar.sk\/admin2021\/wp-content\/uploads\/2021\/07\/orandzova-vyzdoba-narodeniny2-768x1024-640x480.jpg\" data-envira-gallery-id=\"290\" data-envira-item-id=\"285\" data-envira-caption=\"orandzova-vyzdoba-narodeniny2\" alt=\"\" title=\"orandzova-vyzdoba-narodeniny2\"  itemprop=\"thumbnailUrl\" data-envira-srcset=\"https:\/\/www.vetbar.sk\/admin2021\/wp-content\/uploads\/2021\/07\/orandzova-vyzdoba-narodeniny2-768x1024-640x480.jpg 400w,https:\/\/www.vetbar.sk\/admin2021\/wp-content\/uploads\/2021\/07\/orandzova-vyzdoba-narodeniny2-768x1024-640x480.jpg 2x\" data-envira-width=\"225\" data-envira-height=\"300\" srcset=\"data:image\/gif;base64,R0lGODlhAQABAIAAAP\/\/\/\/\/\/\/yH5BAEKAAEALAAAAAABAAEAAAICTAEAOw==\" data-safe-src=\"data:image\/gif;base64,R0lGODlhAQABAIAAAP\/\/\/\/\/\/\/yH5BAEKAAEALAAAAAABAAEAAAICTAEAOw==\" \/><\/a><\/div><\/div><div id=\"envira-gallery-item-286\" class=\"envira-gallery-item enviratope-item envira-gallery-item-3 envira-lazy-load\" style=\"padding-left: 1px; padding-bottom: 1px; padding-right: 1px;\"  itemscope itemtype=\"https:\/\/schema.org\/ImageObject\"><div class=\"envira-gallery-item-inner\"><div class=\"envira-gallery-position-overlay  envira-gallery-top-left\"><\/div><div class=\"envira-gallery-position-overlay  envira-gallery-top-right\"><\/div><div class=\"envira-gallery-position-overlay  envira-gallery-bottom-left\"><\/div><div class=\"envira-gallery-position-overlay  envira-gallery-bottom-right\"><\/div><a href=\"https:\/\/www.vetbar.sk\/admin2021\/wp-content\/uploads\/2021\/07\/orandzova-vyzdoba-narodeniny3.jpg\" class=\"envira-gallery-290 envira-gallery-link\" rel=\"enviragallery290\" title=\"orandzova-vyzdoba-narodeniny3\" data-envira-caption=\"orandzova-vyzdoba-narodeniny3\" data-envira-retina=\"\" data-thumbnail=\"\"  itemprop=\"contentUrl\"><img decoding=\"async\" id=\"envira-gallery-image-286\" class=\"envira-gallery-image envira-gallery-image-3 envira-normal envira-lazy\" data-envira-index=\"3\" src=\"https:\/\/www.vetbar.sk\/admin2021\/wp-content\/uploads\/2021\/07\/orandzova-vyzdoba-narodeniny3-768x1024-640x480.jpg\" data-envira-src=\"https:\/\/www.vetbar.sk\/admin2021\/wp-content\/uploads\/2021\/07\/orandzova-vyzdoba-narodeniny3-768x1024-640x480.jpg\" data-envira-gallery-id=\"290\" data-envira-item-id=\"286\" data-envira-caption=\"orandzova-vyzdoba-narodeniny3\" alt=\"\" title=\"orandzova-vyzdoba-narodeniny3\"  itemprop=\"thumbnailUrl\" data-envira-srcset=\"https:\/\/www.vetbar.sk\/admin2021\/wp-content\/uploads\/2021\/07\/orandzova-vyzdoba-narodeniny3-768x1024-640x480.jpg 400w,https:\/\/www.vetbar.sk\/admin2021\/wp-content\/uploads\/2021\/07\/orandzova-vyzdoba-narodeniny3-768x1024-640x480.jpg 2x\" data-envira-width=\"225\" data-envira-height=\"300\" srcset=\"data:image\/gif;base64,R0lGODlhAQABAIAAAP\/\/\/\/\/\/\/yH5BAEKAAEALAAAAAABAAEAAAICTAEAOw==\" data-safe-src=\"data:image\/gif;base64,R0lGODlhAQABAIAAAP\/\/\/\/\/\/\/yH5BAEKAAEALAAAAAABAAEAAAICTAEAOw==\" \/><\/a><\/div><\/div><div id=\"envira-gallery-item-287\" class=\"envira-gallery-item enviratope-item envira-gallery-item-4 envira-lazy-load\" style=\"padding-left: 1px; padding-bottom: 1px; padding-right: 1px;\"  itemscope itemtype=\"https:\/\/schema.org\/ImageObject\"><div class=\"envira-gallery-item-inner\"><div class=\"envira-gallery-position-overlay  envira-gallery-top-left\"><\/div><div class=\"envira-gallery-position-overlay  envira-gallery-top-right\"><\/div><div class=\"envira-gallery-position-overlay  envira-gallery-bottom-left\"><\/div><div class=\"envira-gallery-position-overlay  envira-gallery-bottom-right\"><\/div><a href=\"https:\/\/www.vetbar.sk\/admin2021\/wp-content\/uploads\/2021\/07\/orandzova-vyzdoba-narodeniny4.jpg\" class=\"envira-gallery-290 envira-gallery-link\" rel=\"enviragallery290\" title=\"orandzova-vyzdoba-narodeniny4\" data-envira-caption=\"orandzova-vyzdoba-narodeniny4\" data-envira-retina=\"\" data-thumbnail=\"\"  itemprop=\"contentUrl\"><img decoding=\"async\" id=\"envira-gallery-image-287\" class=\"envira-gallery-image envira-gallery-image-4 envira-normal envira-lazy\" data-envira-index=\"4\" src=\"https:\/\/www.vetbar.sk\/admin2021\/wp-content\/uploads\/2021\/07\/orandzova-vyzdoba-narodeniny4-768x1024-640x480.jpg\" data-envira-src=\"https:\/\/www.vetbar.sk\/admin2021\/wp-content\/uploads\/2021\/07\/orandzova-vyzdoba-narodeniny4-768x1024-640x480.jpg\" data-envira-gallery-id=\"290\" data-envira-item-id=\"287\" data-envira-caption=\"orandzova-vyzdoba-narodeniny4\" alt=\"\" title=\"orandzova-vyzdoba-narodeniny4\"  itemprop=\"thumbnailUrl\" data-envira-srcset=\"https:\/\/www.vetbar.sk\/admin2021\/wp-content\/uploads\/2021\/07\/orandzova-vyzdoba-narodeniny4-768x1024-640x480.jpg 400w,https:\/\/www.vetbar.sk\/admin2021\/wp-content\/uploads\/2021\/07\/orandzova-vyzdoba-narodeniny4-768x1024-640x480.jpg 2x\" data-envira-width=\"225\" data-envira-height=\"300\" srcset=\"data:image\/gif;base64,R0lGODlhAQABAIAAAP\/\/\/\/\/\/\/yH5BAEKAAEALAAAAAABAAEAAAICTAEAOw==\" data-safe-src=\"data:image\/gif;base64,R0lGODlhAQABAIAAAP\/\/\/\/\/\/\/yH5BAEKAAEALAAAAAABAAEAAAICTAEAOw==\" \/><\/a><\/div><\/div><div id=\"envira-gallery-item-288\" class=\"envira-gallery-item enviratope-item envira-gallery-item-5 envira-lazy-load\" style=\"padding-left: 1px; padding-bottom: 1px; padding-right: 1px;\"  itemscope itemtype=\"https:\/\/schema.org\/ImageObject\"><div class=\"envira-gallery-item-inner\"><div class=\"envira-gallery-position-overlay  envira-gallery-top-left\"><\/div><div class=\"envira-gallery-position-overlay  envira-gallery-top-right\"><\/div><div class=\"envira-gallery-position-overlay  envira-gallery-bottom-left\"><\/div><div class=\"envira-gallery-position-overlay  envira-gallery-bottom-right\"><\/div><a href=\"https:\/\/www.vetbar.sk\/admin2021\/wp-content\/uploads\/2021\/07\/orandzova-vyzdoba-narodeniny5.jpg\" class=\"envira-gallery-290 envira-gallery-link\" rel=\"enviragallery290\" title=\"orandzova-vyzdoba-narodeniny5\" data-envira-caption=\"orandzova-vyzdoba-narodeniny5\" data-envira-retina=\"\" data-thumbnail=\"\"  itemprop=\"contentUrl\"><img decoding=\"async\" id=\"envira-gallery-image-288\" class=\"envira-gallery-image envira-gallery-image-5 envira-normal envira-lazy\" data-envira-index=\"5\" src=\"https:\/\/www.vetbar.sk\/admin2021\/wp-content\/uploads\/2021\/07\/orandzova-vyzdoba-narodeniny5-640x480.jpg\" data-envira-src=\"https:\/\/www.vetbar.sk\/admin2021\/wp-content\/uploads\/2021\/07\/orandzova-vyzdoba-narodeniny5-640x480.jpg\" data-envira-gallery-id=\"290\" data-envira-item-id=\"288\" data-envira-caption=\"orandzova-vyzdoba-narodeniny5\" alt=\"\" title=\"orandzova-vyzdoba-narodeniny5\"  itemprop=\"thumbnailUrl\" data-envira-srcset=\"https:\/\/www.vetbar.sk\/admin2021\/wp-content\/uploads\/2021\/07\/orandzova-vyzdoba-narodeniny5-640x480.jpg 400w,https:\/\/www.vetbar.sk\/admin2021\/wp-content\/uploads\/2021\/07\/orandzova-vyzdoba-narodeniny5-640x480.jpg 2x\" data-envira-width=\"300\" data-envira-height=\"225\" srcset=\"data:image\/gif;base64,R0lGODlhAQABAIAAAP\/\/\/\/\/\/\/yH5BAEKAAEALAAAAAABAAEAAAICTAEAOw==\" data-safe-src=\"data:image\/gif;base64,R0lGODlhAQABAIAAAP\/\/\/\/\/\/\/yH5BAEKAAEALAAAAAABAAEAAAICTAEAOw==\" \/><\/a><\/div><\/div><div id=\"envira-gallery-item-289\" class=\"envira-gallery-item enviratope-item envira-gallery-item-6 envira-lazy-load\" style=\"padding-left: 1px; padding-bottom: 1px; padding-right: 1px;\"  itemscope itemtype=\"https:\/\/schema.org\/ImageObject\"><div class=\"envira-gallery-item-inner\"><div class=\"envira-gallery-position-overlay  envira-gallery-top-left\"><\/div><div class=\"envira-gallery-position-overlay  envira-gallery-top-right\"><\/div><div class=\"envira-gallery-position-overlay  envira-gallery-bottom-left\"><\/div><div class=\"envira-gallery-position-overlay  envira-gallery-bottom-right\"><\/div><a href=\"https:\/\/www.vetbar.sk\/admin2021\/wp-content\/uploads\/2021\/07\/orandzova-vyzdoba-narodeniny6.jpg\" class=\"envira-gallery-290 envira-gallery-link\" rel=\"enviragallery290\" title=\"orandzova-vyzdoba-narodeniny6\" data-envira-caption=\"orandzova-vyzdoba-narodeniny6\" data-envira-retina=\"\" data-thumbnail=\"\"  itemprop=\"contentUrl\"><img decoding=\"async\" id=\"envira-gallery-image-289\" class=\"envira-gallery-image envira-gallery-image-6 envira-normal envira-lazy\" data-envira-index=\"6\" src=\"https:\/\/www.vetbar.sk\/admin2021\/wp-content\/uploads\/2021\/07\/orandzova-vyzdoba-narodeniny6-640x480.jpg\" data-envira-src=\"https:\/\/www.vetbar.sk\/admin2021\/wp-content\/uploads\/2021\/07\/orandzova-vyzdoba-narodeniny6-640x480.jpg\" data-envira-gallery-id=\"290\" data-envira-item-id=\"289\" data-envira-caption=\"orandzova-vyzdoba-narodeniny6\" alt=\"\" title=\"orandzova-vyzdoba-narodeniny6\"  itemprop=\"thumbnailUrl\" data-envira-srcset=\"https:\/\/www.vetbar.sk\/admin2021\/wp-content\/uploads\/2021\/07\/orandzova-vyzdoba-narodeniny6-640x480.jpg 400w,https:\/\/www.vetbar.sk\/admin2021\/wp-content\/uploads\/2021\/07\/orandzova-vyzdoba-narodeniny6-640x480.jpg 2x\" data-envira-width=\"300\" data-envira-height=\"225\" srcset=\"data:image\/gif;base64,R0lGODlhAQABAIAAAP\/\/\/\/\/\/\/yH5BAEKAAEALAAAAAABAAEAAAICTAEAOw==\" data-safe-src=\"data:image\/gif;base64,R0lGODlhAQABAIAAAP\/\/\/\/\/\/\/yH5BAEKAAEALAAAAAABAAEAAAICTAEAOw==\" \/><\/a><\/div><\/div><\/div><\/div><noscript><img decoding=\"async\" src=\"https:\/\/www.vetbar.sk\/admin2021\/wp-content\/uploads\/2021\/07\/orandzova-vyzdoba-narodeniny1.jpg\" alt=\"\" \/><img decoding=\"async\" src=\"https:\/\/www.vetbar.sk\/admin2021\/wp-content\/uploads\/2021\/07\/orandzova-vyzdoba-narodeniny2.jpg\" alt=\"\" \/><img decoding=\"async\" src=\"https:\/\/www.vetbar.sk\/admin2021\/wp-content\/uploads\/2021\/07\/orandzova-vyzdoba-narodeniny3.jpg\" alt=\"\" \/><img decoding=\"async\" src=\"https:\/\/www.vetbar.sk\/admin2021\/wp-content\/uploads\/2021\/07\/orandzova-vyzdoba-narodeniny4.jpg\" alt=\"\" \/><img decoding=\"async\" src=\"https:\/\/www.vetbar.sk\/admin2021\/wp-content\/uploads\/2021\/07\/orandzova-vyzdoba-narodeniny5.jpg\" alt=\"\" \/><img decoding=\"async\" src=\"https:\/\/www.vetbar.sk\/admin2021\/wp-content\/uploads\/2021\/07\/orandzova-vyzdoba-narodeniny6.jpg\" alt=\"\" \/><\/noscript><\/div>\n","protected":false},"excerpt":{"rendered":"","protected":false},"author":1,"featured_media":0,"parent":0,"menu_order":0,"comment_status":"closed","ping_status":"closed","template":"","meta":{"footnotes":""},"class_list":["post-283","page","type-page","status-publish","hentry","entry"],"_links":{"self":[{"href":"https:\/\/www.vetbar.sk\/admin2021\/index.php?rest_route=\/wp\/v2\/pages\/283","targetHints":{"allow":["GET"]}}],"collection":[{"href":"https:\/\/www.vetbar.sk\/admin2021\/index.php?rest_route=\/wp\/v2\/pages"}],"about":[{"href":"https:\/\/www.vetbar.sk\/admin2021\/index.php?rest_route=\/wp\/v2\/types\/page"}],"author":[{"embeddable":true,"href":"https:\/\/www.vetbar.sk\/admin2021\/index.php?rest_route=\/wp\/v2\/users\/1"}],"replies":[{"embeddable":true,"href":"https:\/\/www.vetbar.sk\/admin2021\/index.php?rest_route=%2Fwp%2Fv2%2Fcomments&post=283"}],"version-history":[{"count":2,"href":"https:\/\/www.vetbar.sk\/admin2021\/index.php?rest_route=\/wp\/v2\/pages\/283\/revisions"}],"predecessor-version":[{"id":292,"href":"https:\/\/www.vetbar.sk\/admin2021\/index.php?rest_route=\/wp\/v2\/pages\/283\/revisions\/292"}],"wp:attachment":[{"href":"https:\/\/www.vetbar.sk\/admin2021\/index.php?rest_route=%2Fwp%2Fv2%2Fmedia&parent=283"}],"curies":[{"name":"wp","href":"https:\/\/api.w.org\/{rel}","templated":true}]}}